Let b(g) = -g**2 + 3*g - 2. Let j be b(5). Let z be 190 - 1*(-3)/j*8. Suppose z = 7*m - 71. List the prime factors of m.
37
Let w = -159 + 161. What are the prime factors of 68*w + 0/(-7)?
2, 17
Let s(j) = -18*j + 121. Let y be s(0). Suppose -y*k + 1528 = -117*k. List the prime factors of k.
2, 191
Suppose 0 = 5*j - s - 30, 3*j + 3*s = -2*j + 10. Suppose -n + 927 = -8*b + j*b, -3*n + 5*b + 2797 = 0. List the prime factors of n.
3, 313
Let o be 2*(21/6 - 1). Suppose -3*t = -o*y + 87, 1 = 2*t - t. Suppose 162 + y = 6*h. What are the prime factors of h?
2, 3, 5
List the prime factors of ((-5)/10)/((-11)/475838).
43, 503
Let h(r) = 2*r**2 + 19*r - 65. What are the prime factors of h(35)?
2, 5, 61
Suppose -f + 3*h = 987 + 2289, -2*f = -3*h + 6564. What are the prime factors of (-3 + 2)/(4/f)?
2, 3, 137
Suppose 72662 = 28*n - 2*n - 82480. List the prime factors of n.
3, 13, 17
Suppose 29*c - 159126 = -32077. What are the prime factors of c?
13, 337
Let o(n) = 6*n + 8 - 3*n + 0*n - 2*n. Let z be o(-11). What are the prime factors of 11 + -4 - (-2 + z + 2)?
2, 5
Let b = -10072 - -17419. What are the prime factors of b?
3, 31, 79
Let q(d) = 18*d**3 + 7*d**2 - 106*d + 769. What are the prime factors of q(15)?
2, 31
Let i be (6 - 207)*(-1 + 0). Suppose -4839 = -6*r + i. Suppose -7*p + r = -p. What are the prime factors of p?
2, 5, 7
Let v = 3 - -1. Suppose 0 = r - v*r + 42. Suppose -r*t - 56 = -16*t. What are the prime factors of t?
2, 7
Suppose -25*y = 6*y - 465. What are the prime factors of (-298 - 8)/((-6)/y)?
3, 5, 17
Let c be 2*(-1)/(-12) - 10690/60. Let n = -129 - c. Let k = -2 + n. List the prime factors of k.
47
Let o(r) = 4*r**2 + 318*r - 923. List the prime factors of o(79).
211, 233
Let i = -26400 + 60853. What are the prime factors of i?
131, 263
Suppose 0 = 12*s - 14*s + 10. Suppose s*o - 4 = 16. Suppose -o*p = -0*p - 24. What are the prime factors of p?
2, 3
Let i(z) = -z**2 - 22 - 6*z + 13 - 5*z - 16. Let b be i(-4). What are the prime factors of b*-2*(-2)/6 - -116?
2, 59
Let b(w) = 920*w + 55. What are the prime factors of b(7)?
3, 5, 433
Let n(z) = -37*z - 381*z**2 - 68 + 29*z + 384*z**2 - 37*z. List the prime factors of n(28).
2
Suppose -497*d + 512*d = 87540. What are the prime factors of d?
2, 1459
Let x = 66 - 17. Let o = 51 - x. Suppose 0 = -o*v - 2*u + 230, 0*v + 2*u = v - 106. What are the prime factors of v?
2, 7
Let h = -1580 - -3629. List the prime factors of h.
3, 683
Suppose 2*w - 92*p + 95*p = 11979, 6*w - p - 35907 = 0. What are the prime factors of w?
3, 5, 7, 19
Let p(z) = -103*z + 30. Let t = -35 - -30. Let q be p(t). Suppose -12*l = -7*l - q. List the prime factors of l.
109
Suppose -47*w - 564449 = -70*w - 168320. What are the prime factors of w?
3, 5741
Suppose 0 = -4*q + 5*a + 13196, 13188 = 8*q - 4*q - 3*a. What are the prime factors of q?
2, 3, 61
Let n be (-95)/(-855) + (-1)/9*-1313. Let c be (-146)/((-4)/(-2)*-1). Let w = n + c. What are the prime factors of w?
3, 73
Let k(i) = 123*i**3 - 5*i**2 - 32*i + 183. List the prime factors of k(5).
3, 1697
Suppose 2*p + 26361 = 3*l - 2*p, 0 = -9*p - 54. List the prime factors of l.
8779
Suppose -t = -3*t + 1150. Let y = 1229 - t. List the prime factors of y.
2, 3, 109
Let u = 138 - 143. Let v = 116 - u. List the prime factors of v.
11
Suppose 6*u = -9*u + 3690. Let n = 3 + -1. Suppose 0 = -n*a - a + u. List the prime factors of a.
2, 41
Let y(t) = 2690*t**2 + 18*t + 76. List the prime factors of y(-3).
2, 13, 233
Suppose -22 = 2*i + 4*s, -7 = -2*i + 3*i + s. List the prime factors of i - 8/(-4) - -237.
2, 59
Suppose 4*b = -3*g + 51164, -3*b + 2*g + 39447 = 1057. What are the prime factors of b?
2, 6397
Suppose 0 = -7*a + 4*a - 3. Let s be (-4)/8 - a - (-63)/(-6). What are the prime factors of 1*-2*135/s?
3
Let w(g) = 13*g**2 - 24*g + 680. What are the prime factors of w(-29)?
3, 11, 373
Let g(i) = 28*i**2 + 43*i - 10. Let j be g(7). Suppose k - r = 409, 0 = -4*k + 19*r - 24*r + j. List the prime factors of k.
2, 103
Let r(l) = -2*l**3 - 8*l**2 - 9*l - 6. Let a be r(-3). Suppose -1266 = -4*n + 45*s - 50*s, -4*n - a*s + 1270 = 0. List the prime factors of n.
11, 29
Suppose 3*v - 2*n = -5, -4*v - 8*n + 13*n = -5. What are the prime factors of ((-4)/v)/(2/1570)?
2, 157
Let p(d) = 30*d**2 + 6*d + 5. Let t be -10*(-2 + 13/5). What are the prime factors of p(t)?
1049
Let p = -49 + 59. Suppose p = f - 1. Suppose -230 = q - f*q. List the prime factors of q.
23
What are the prime factors of (0 - 225892/(-12)) + 68/102?
3, 5, 251
Suppose 5*n - 60 = -5*h, 5*n = 2*h - 4*h + 69. Suppose 0 = -4*d + 9*d - n. Suppose 2*j + j + 3*q - 48 = 0, -4*j + d*q + 57 = 0. List the prime factors of j.
3, 5
Suppose 5*d + 15 = 0, 0*v - 3*d = -v + 160. Suppose -5*f = -3*g + v, 3*g - g - 79 = -f. What are the prime factors of g?
2, 3, 7
Let h be 1041/(-2) - (-35)/14. Let u = -204 - h. What are the prime factors of u?
2, 157
Let r(d) = d**3 - 2*d**2 - 5*d + 6. Let y be r(3). Suppose 3*t - 45 = 5*j, 3*j + t - 5 + 18 = y. What are the prime factors of j/4*(-60)/9?
2, 5
Let y be ((-1509)/(-12)*-3)/(33/(-88)). Let x = -595 + y. What are the prime factors of x?
3, 137
Suppose 0 = -5*r - 4*w - 16, -3*w - 15 = -3*r - 3. Suppose 8*x - 5848 + 896 = r. What are the prime factors of x?
619
Let t be (0 + -1)/(1/(-3)). What are the prime factors of (33*1)/(8*t/48)?
2, 3, 11
Suppose 4*w - 164 = m, -3*w - 90 = -5*m - 230. Let h be 109 + (w/70)/(2/7). Suppose h*s + 390 = 117*s. List the prime factors of s.
5, 13
Let u(n) = 58*n**2 + 5*n - 79. List the prime factors of u(10).
29, 199
Let h(a) = 17*a**2 - 44*a + 504. List the prime factors of h(31).
3, 7, 11, 67
List the prime factors of (-1985445)/(-440) + 6/(-16).
2, 3, 47
Let r(m) = 103*m**3 - 3*m**2 - 3*m + 4. What are the prime factors of r(3)?
2749
Suppose -4*h = 41 + 19. Let m = h - -44. What are the prime factors of m?
29
Let v(i) = 2*i - 57. Let c be v(24). Let j(a) be the first derivative of 2*a**3/3 + 9*a**2/2 - 8*a + 2. List the prime factors of j(c).
73
Let r = 16135 - 9891. Let s be (6/(-2))/((-84)/r). Suppose 68 - s = -5*t. List the prime factors of t.
31
Suppose 54*i - 93*i - 86716 = -67*i. What are the prime factors of i?
19, 163
Let y = -2070 + 8082. List the prime factors of y.
2, 3, 167
Suppose p + 17*c - 19555 = 19*c, -39074 = -2*p - 2*c. What are the prime factors of p?
19543
Suppose 2*t + 5*t - 10290 = 0. Let h = t + -837. Suppose -3*r = -3*x - 342, -5*r + 2*x - 66 + h = 0. What are the prime factors of r?
113
Let d(m) = m**2 - 9*m - 22. Let a be d(11). Suppose 8*u - 3*u + 4*q = -19, -2*q - 2 = a. Let i = u - -33. What are the prime factors of i?
2, 3, 5
Suppose 59*y - 191964 - 196905 = -23895. List the prime factors of y.
2, 3, 1031
Suppose -11*c = -4*c - 105. Let l(y) = 87*y - 192. List the prime factors of l(c).
3, 7, 53
Let t be 656 + (-4 - 2) + 4. Suppose -2*a + t = -2*n, 2*a + 3*n = 645 + 29. What are the prime factors of a?
331
Let k(q) = 17*q - 6. Let j be k(1). Let t(b) = 4*b**2 - 14*b + 18. What are the prime factors of t(j)?
2, 3, 29
Suppose 2*b - 4*l = -54, -3*b = 2*l + 97 - 16. What are the prime factors of (27/(b/202))/((-2)/16)?
2, 101
Let z(o) = -22*o - 281. Let p(c) = -42*c - 565. Let t(x) = -4*p(x) + 7*z(x). What are the prime factors of t(34)?
769
Let t(l) = l**2 - 12*l + 10. Let k be t(11). Let u(f) = 8*f - 25. Let w(h) = h. Let z(i) = k*u(i) - 6*w(i). What are the prime factors of z(-6)?
109
Let t = -680 - -689. Suppose -5885 = -t*r + 9514. List the prime factors of r.
29, 59
Let w be 2/7 + (5 - 148/28). Suppose 4*m + 6*i = 3*i + 674, -i + 2 = w. Let f = m - -74. List the prime factors of f.
241
Suppose 0 = b - 75 - 409. Suppose 0 = 10*s - b - 8206. Suppose s = 4*u + d, d = 3*u - 3*d - 647. What are the prime factors of u?
7, 31
Let u(d) = d**3 - 19*d**2 - 2*d - 274. List the prime factors of u(36).
2, 7, 1549
Let d(z) = -2*z + 39. Let a be d(-12). List the prime factors of 0 - 7/(a/(-2601)).
17
Let u(q) = -64*q**3 - 9*q**2 + 9*q + 78. What are the prime factors of u(-7)?
2, 47, 229
Let v(w) = -w + 66. Let b be (-1)/(20/(-45)) - 1/4. Suppose -h - 4 = -b*x, 0 = -0*h - h - 4. List the prime factors of v(x).
2, 3, 11
Suppose 3*m = -3*t + 183, -2*t - 1 = -3. Suppose 252 + m = 4*n. What are the prime factors of n?
2, 3, 13
Supp